{"id":130,"date":"2018-10-16T14:00:45","date_gmt":"2018-10-16T12:00:45","guid":{"rendered":"http:\/\/www.vielfalt.biz\/?page_id=130"},"modified":"2026-02-16T11:11:06","modified_gmt":"2026-02-16T11:11:06","slug":"waseskostet","status":"publish","type":"page","link":"https:\/\/www.vielfalt.biz\/index.php\/waseskostet\/","title":{"rendered":"Was es kostet"},"content":{"rendered":"<h1 class=\"ce_headline\">W\u00f6chentlicher Unterricht<\/h1>\n<div class=\"ce_text preise block\">\n<p><em>Vertrag \u00fcber w\u00f6chentlichen Unterricht au\u00dferhalb der Schulferien und Feiertage<\/em><br \/>\n<em>(38 Termine im Schuljahr)<\/em><\/p>\n<table class=\"preistabelle\">\n<colgroup>\n<col width=\"200\" \/>\n<col width=\"250\" \/><\/colgroup>\n<tbody>\n<tr>\n<td>Einzelunterricht 30 Minuten<\/td>\n<td><strong>\u00a080,00 \u20ac<\/strong> monatlich<\/td>\n<\/tr>\n<tr class=\"sec\">\n<td>Einzelunterricht 45 Minuten<\/td>\n<td><strong>120,00 \u20ac<\/strong> monatlich<\/td>\n<\/tr>\n<tr>\n<td>Zweiergruppe 45 Minuten<\/td>\n<td><strong>\u00a060,00 \u20ac<\/strong>\u00a0monatl. pro Sch\u00fcler<\/td>\n<\/tr>\n<tr>\n<td>Dreiergruppe 45 Minuten<\/td>\n<td><strong>\u00a040,00 \u20ac<\/strong>\u00a0monatl. pro Sch\u00fcler<\/td>\n<\/tr>\n<\/tbody>\n<\/table>\n<\/div>\n<div class=\"ce_text preise block\">\n<h3>Zweiw\u00f6chentlicher Unterricht f\u00fcr Fortgeschrittene<\/h3>\n<p><em>Vertrag \u00fcber zweiw\u00f6chentlichen Unterricht au\u00dferhalb der Schulferien und Feiertage\u00a0<\/em><br \/>\n<em>(19 Termine im Schuljahr)<\/em><\/p>\n<table class=\"preistabelle\">\n<colgroup>\n<col width=\"200\" \/>\n<col width=\"250\" \/><\/colgroup>\n<tbody>\n<tr>\n<td>Einzelunterricht 30 Minuten<\/td>\n<td><strong>40,00 \u20ac<\/strong> monatlich<\/td>\n<\/tr>\n<tr class=\"sec\">\n<td>Einzelunterricht 45 Minuten<\/td>\n<td><strong>60,00 \u20ac<\/strong>\u00a0monatl.<\/td>\n<\/tr>\n<\/tbody>\n<\/table>\n<\/div>\n<div class=\"ce_text preise block\">\n<h3>Die Achterkarte<\/h3>\n<p><em>Wer nur eine beschr\u00e4nkte Zeit schnuppern m\u00f6chte, w\u00e4hlt die Achterkarte.<br \/>\nEs besteht freie Terminauswahl nach Absprache.<\/em><\/p>\n<h4>Achterkarte<\/h4>\n<table class=\"preistabelle\">\n<colgroup>\n<col width=\"240\" \/>\n<col width=\"260\" \/><\/colgroup>\n<tbody>\n<tr>\n<td>8 x 30 Minuten Einzelunterricht<\/td>\n<td><strong>210,00 \u20ac<\/strong><\/td>\n<\/tr>\n<tr class=\"sec\">\n<td>8 x 45 Minuten Einzelunterricht<\/td>\n<td><strong>310,00 \u20ac<\/strong><\/td>\n<\/tr>\n<tr>\n<td>8 x 45 Minuten zu zweit<\/td>\n<td><strong>155,00 \u20ac<\/strong>\u00a0pro Person<\/td>\n<\/tr>\n<\/tbody>\n<\/table>\n<\/div>\n<div class=\"ce_text preise block\"><\/div>\n<div class=\"ce_text block\">\n<h3>Folkloregruppe und Klassikgruppe<\/h3>\n<p><em>(38 Termine im Schuljahr)<\/em><br \/>\nEnsemble Abo monatlich &#8211; <strong>35,00<\/strong> <strong>\u20ac<\/strong> pro Monat<br \/>\nEnsemble Abo 5er-Karte\u00a0 &#8211; <strong>57,00 \u20ac\u00a0<\/strong><\/p>\n<h3>Musikalische Fr\u00fcherziehung<\/h3>\n<p>Auf Anfrage<\/p>\n<p>&nbsp;<\/p>\n<\/div>\n<div id=\"container\">\n<div id=\"main\">\n<div class=\"inside\">\n<div id=\"unterrichtsbedingungen\" class=\"mod_article block\">\n<div class=\"ce_text rahmen block\">\n<h6 class=\"s\">Die angegebenen Preise verstehen sich wie folgt:<br \/>\n<em>Inklusive Einkommensteuer, Renten-, Pflege- und Krankenversicherung, Haftpflichtversicherung und Altersvorsorge. Ferner Geb\u00fchren f\u00fcr Schornsteinfeger, M\u00fcllabfuhr, Stra\u00dfenreinigung, Telefon und Internet.<br \/>\nKosten f\u00fcr Miete, Gas, Strom, Wasser, Werbung, Fortbildung und\u00a0den Deutschen Tonk\u00fcnstlerverband e.V., au\u00dferdem Kosten f\u00fcr Toilettenpapier, Seife, Tinte, Toner, Papier, Gl\u00fchlampen und Reparaturen.<br \/>\nF\u00fcr Ihren Besuch bedankt sich der Bayerische Staatsminister f\u00fcr Finanzen, die Stadt W\u00fcrzburg und die Inhaberin.<\/em><\/h6>\n<\/div>\n<\/div>\n<\/div>\n<div id=\"clear\"><\/div>\n<\/div>\n<\/div>\n<div id=\"footer\">\n<div class=\"inside\">\n<div class=\"clearfix\"><\/div>\n<\/div>\n<\/div>\n","protected":false},"excerpt":{"rendered":"<p>W\u00f6chentlicher Unterricht Vertrag \u00fcber w\u00f6chentlichen Unterricht au\u00dferhalb der Schulferien und Feiertage (38 Termine im Schuljahr) Einzelunterricht 30 Minuten \u00a080,00 \u20ac monatlich Einzelunterricht 45 Minuten 120,00 \u20ac monatlich Zweiergruppe 45 Minuten \u00a060,00 \u20ac\u00a0monatl. pro Sch\u00fcler Dreiergruppe 45 Minuten \u00a040,00 \u20ac\u00a0monatl. pro Sch\u00fcler Zweiw\u00f6chentlicher Unterricht f\u00fcr Fortgeschrittene Vertrag \u00fcber zweiw\u00f6chentlichen Unterricht au\u00dferhalb der Schulferien und Feiertage\u00a0 (19 [&hellip;]<\/p>\n","protected":false},"author":2,"featured_media":0,"parent":0,"menu_order":0,"comment_status":"closed","ping_status":"closed","template":"","meta":{"footnotes":""},"class_list":["post-130","page","type-page","status-publish","hentry"],"_links":{"self":[{"href":"https:\/\/www.vielfalt.biz\/index.php\/wp-json\/wp\/v2\/pages\/130","targetHints":{"allow":["GET"]}}],"collection":[{"href":"https:\/\/www.vielfalt.biz\/index.php\/wp-json\/wp\/v2\/pages"}],"about":[{"href":"https:\/\/www.vielfalt.biz\/index.php\/wp-json\/wp\/v2\/types\/page"}],"author":[{"embeddable":true,"href":"https:\/\/www.vielfalt.biz\/index.php\/wp-json\/wp\/v2\/users\/2"}],"replies":[{"embeddable":true,"href":"https:\/\/www.vielfalt.biz\/index.php\/wp-json\/wp\/v2\/comments?post=130"}],"version-history":[{"count":1,"href":"https:\/\/www.vielfalt.biz\/index.php\/wp-json\/wp\/v2\/pages\/130\/revisions"}],"predecessor-version":[{"id":633,"href":"https:\/\/www.vielfalt.biz\/index.php\/wp-json\/wp\/v2\/pages\/130\/revisions\/633"}],"wp:attachment":[{"href":"https:\/\/www.vielfalt.biz\/index.php\/wp-json\/wp\/v2\/media?parent=130"}],"curies":[{"name":"wp","href":"https:\/\/api.w.org\/{rel}","templated":true}]}}