{"id":118,"date":"2018-10-16T13:58:23","date_gmt":"2018-10-16T11:58:23","guid":{"rendered":"http:\/\/www.vielfalt.biz\/?page_id=118"},"modified":"2026-03-09T18:36:58","modified_gmt":"2026-03-09T18:36:58","slug":"ensembles-familienbands","status":"publish","type":"page","link":"https:\/\/www.vielfalt.biz\/index.php\/ensembles-familienbands\/","title":{"rendered":"Unsere Angebote"},"content":{"rendered":"<p><strong><em>Folkloregruppe<\/em><\/strong><br \/>\nDienstags 17.45 Uhr bis 18.45 Uhr<br \/>\nWir spielen verschiedene Instrumente. Wenn Sie Interesse am Mitmachen haben, k\u00f6nnen Sie sich gerne bei mir <a href=\"http:\/\/www.vielfalt.biz\/kontakt\/\">melden<\/a>.<\/p>\n<p><strong><em>Klassikgruppe<\/em><\/strong><br \/>\nDienstags 13.30 Uhr bis 14.30 Uhr<br \/>\nWir spielen verschiedene Instrumente. Wenn Sie Interesse am Mitmachen haben, k\u00f6nnen Sie sich gerne bei mir <a href=\"http:\/\/www.vielfalt.biz\/kontakt\/\">melden\u00a0<\/a><\/p>\n<p><a href=\"http:\/\/www.vielfalt.biz\/kontakt\/\">F\u00fcr R\u00fcckfragen und auch weitere Fragen zu dem Thema Musik stehe ich Ihnen gerne zur Verf\u00fcgung<\/a><\/p>\n","protected":false},"excerpt":{"rendered":"<p>Folkloregruppe Dienstags 17.45 Uhr bis 18.45 Uhr Wir spielen verschiedene Instrumente. Wenn Sie Interesse am Mitmachen haben, k\u00f6nnen Sie sich gerne bei mir melden. Klassikgruppe Dienstags 13.30 Uhr bis 14.30 Uhr Wir spielen verschiedene Instrumente. Wenn Sie Interesse am Mitmachen haben, k\u00f6nnen Sie sich gerne bei mir melden\u00a0 F\u00fcr R\u00fcckfragen und auch weitere Fragen zu [&hellip;]<\/p>\n","protected":false},"author":2,"featured_media":0,"parent":0,"menu_order":0,"comment_status":"closed","ping_status":"closed","template":"","meta":{"footnotes":""},"class_list":["post-118","page","type-page","status-publish","hentry"],"_links":{"self":[{"href":"https:\/\/www.vielfalt.biz\/index.php\/wp-json\/wp\/v2\/pages\/118","targetHints":{"allow":["GET"]}}],"collection":[{"href":"https:\/\/www.vielfalt.biz\/index.php\/wp-json\/wp\/v2\/pages"}],"about":[{"href":"https:\/\/www.vielfalt.biz\/index.php\/wp-json\/wp\/v2\/types\/page"}],"author":[{"embeddable":true,"href":"https:\/\/www.vielfalt.biz\/index.php\/wp-json\/wp\/v2\/users\/2"}],"replies":[{"embeddable":true,"href":"https:\/\/www.vielfalt.biz\/index.php\/wp-json\/wp\/v2\/comments?post=118"}],"version-history":[{"count":5,"href":"https:\/\/www.vielfalt.biz\/index.php\/wp-json\/wp\/v2\/pages\/118\/revisions"}],"predecessor-version":[{"id":640,"href":"https:\/\/www.vielfalt.biz\/index.php\/wp-json\/wp\/v2\/pages\/118\/revisions\/640"}],"wp:attachment":[{"href":"https:\/\/www.vielfalt.biz\/index.php\/wp-json\/wp\/v2\/media?parent=118"}],"curies":[{"name":"wp","href":"https:\/\/api.w.org\/{rel}","templated":true}]}}